2*t - 3*m. What is l(t)?
4
Suppose -8 = -2*r - 2*r. Suppose a - 19 = 3*y, -4*a + 7*a - 22 = r*y. Let p(g) = g**2 - 5*g + 2. Calculate p(a).
-2
Let s(v) = -v - 5. Let g be 2 - 1 - (-13 + 7). Let m = -7 + g. Let a be m/(1 - (1 + 2)). What is s(a)?
-5
Let x(i) be the second derivative of i**4/8 + i**3/3 + i**2 - 2*i. Let v(h) be the first derivative of x(h). Give v(2).
8
Suppose 2*r + 24 = -2*r. Let k(p) = -7*p**3 + 5*p**2 + 19*p - 3. Let h(v) = 3*v**3 - 3*v**2 - 9*v + 2. Let y(a) = 9*h(a) + 4*k(a). Calculate y(r).
0
Let g(v) be the third derivative of v**4/8 - 7*v**3/3 + 4*v**2. Let q(l) = 13*l - 57. Let r(n) = -9*g(n) + 2*q(n). Calculate r(6).
6
Let o(z) = z**3 - 2*z**2 + 3*z - 3. Let v = 44 + -42. Give o(v).
3
Let d(s) = -s**2 - s - 1. Let f(j) = -j**3 + 11*j**2 + 14*j + 2. Let b(t) = 6*d(t) + f(t). Calculate b(6).
8
Let c be ((-4)/(-10))/(2/20). Suppose c*w - 12 = -0. Let y(o) = w*o + 6 + 0*o - o. Give y(-5).
-4
Let l(k) = -k**3 + 3*k**2 + 3*k. Let d be l(3). Suppose -10*c + 7 = -3*c. Suppose c = -4*m + d. Let z(q) = q**2 - 2*q + 1. What is z(m)?
1
Let w(t) = t + 7. Let d be ((-24)/(-32))/(2/(-8)). Determine w(d).
4
Let h(p) = -p - 9. Let n be h(-10). Let d(c) = -3*c + 1. Calculate d(n).
-2
Let r(j) be the third derivative of -j**6/720 - j**5/60 + j**4/24 - 2*j**2. Let h(m) be the second derivative of r(m). Let q be 10/(-40) - (-34)/8. Give h(q).
-6
Let y(g) = -10*g - 3 + 27*g - 16*g + g**2. Determine y(-3).
3
Let a(o) = o**3 + 5*o**2 - 5*o - 4. Suppose 2*b = -4*n + 20, 20 = -b - 0*n + 4*n. Suppose -4*m + b*m - 4*i = 24, m + 6 = 3*i. Calculate a(m).
-10
Suppose -j = -0 - 6. Suppose 0*g - 3*g + j = 0. Let x(f) = -3*f**g + f**2 + 3*f**2 - 5 + 2*f - 5*f. Give x(5).
5
Let t(w) = -5*w + 4*w - 11*w**2 + 3*w**2. Let l be ((-2)/3)/(6/9). What is t(l)?
-7
Let v be 3*2/(-3) + 2. Let s(m) = m - 4 + m + v. Determine s(3).
2
Let u(b) = 9*b**3 + b**2 - b + 1. Let d be ((-1)/(-4))/(2*(-5)/(-40)). Give u(d).
10
Let y be (0 + 1)*-5 - (4 + -1). Let h(q) = -q - 5. Calculate h(y).
3
Let y(o) = 7*o + 2. Let s be y(-1). Let p(w) = 8*w - 3 - 2*w - 1. Let c(l) = -7*l + 5. Let f(r) = -5*c(r) - 6*p(r). Give f(s).
4
Suppose -4*y = -y + 3. Let d(j) = 140*j**2 - 3*j**3 - 140*j**2. What is d(y)?
3
Suppose y + 2*s = 2 - 3, y - s - 5 = 0. Suppose y*l - 4 = -4*i + 9, -3*l = 5*i - 17. Let a(w) = -w**3 + 3*w**2 + 3*w - 2. Determine a(i).
-6
Let g(h) = -h**3 + 12*h**2 + 14*h - 11. Let o be g(13). Let w = o - -3. Let s(x) = 6 - 5 + 6*x**2 - x**3 + 1 - 6*x. What is s(w)?
-3
Let i be 1/(3/6) - 0. Suppose 0 = b - i - 0. Let o(w) = w**2 - w + 1. Determine o(b).
3
Let r(z) = -z + 1. Let y = 1 + 3. Suppose 5*b - q + 2*q = 160, -y*q + 79 = 3*b. Let a be (-2)/8 - b/12. What is r(a)?
4
Suppose 21*p - 3 = 24*p. Let w(d) = 13*d**3 - d**2 - 2*d - 1. Calculate w(p).
-13
Let p(i) = 8*i**3 + i**2. Let o be 5 + (-7)/((-14)/(-8)). Give p(o).
9
Let u(a) = a**2 + 6*a + 3. Let d be 6/4*(-32)/(-12). Suppose -4*q - d*i + 12 = -0, 4*q + 2*i - 2 = 0. Give u(q).
-5
Let x(s) = -s**3 - 3*s**2 - s - 2. Let h = 39 - 63. Let q be h/(-16)*(-8)/6. Give x(q).
-4
Let x(q) be the first derivative of -q**2/2 - 4*q - 2. Suppose 5*z + 0*z - 15 = 0. What is x(z)?
-7
Let x(u) = u**3 - 4*u**2 - 4*u + 4. Let d be x(5). Suppose -6 - d = 3*k. Let v(y) = y**2 + 5*y + 6. Determine v(k).
6
Let l = 1 - -4. Let a be (3 + -2)/(l/(-30)). Let o(j) = j - 1. Calculate o(a).
-7
Suppose -2 = -7*g + 12. Let q(b) = -2*b. Give q(g).
-4
Let v(s) = 10*s - 6*s - 5*s. Calculate v(-6).
6
Let b(y) = -2*y - 3. Let a be 1*-1*-1 + -1. Let g be ((-18)/8)/(12/(-80)). Suppose -5*p + a*p - g = 0. Determine b(p).
3
Let a(w) = w**2 - 7*w + 3. Suppose 0 = -2*g + 24 + 12. Let t = g + -11. Calculate a(t).
3
Suppose 3*m = -x - 2, -5*m - 5*x - 2 = 8. Let f(h) be the third derivative of -1/24*h**4 + 0*h + 0 - 3*h**2 + m*h**3. What is f(0)?
0
Let v be (12/(-16))/((-2)/8). Let p(g) = -3*g**3 + g**2 - g - 2. Let s(z) = -8*z**3 + 2*z**2 - 3*z - 5. Let j(a) = 11*p(a) - 4*s(a). Give j(v).
1
Suppose -7 = -4*d + u, 3*u - 2 + 5 = 3*d. Suppose -3*p + 9 = 0, -d*p - 7 = n - 4*p. Let h(z) = -4*z**3 - 2*z**2 - z. Give h(n).
3
Let q(b) = 9 - 4 + b + 0*b. Determine q(0).
5
Let a(b) be the first derivative of -b**4/4 - b + 4. Let k(l) = 3*l**3 - 5*l**2 - 6*l - 2. Let n(m) = 2*a(m) + k(m). Calculate n(6).
-4
Let n(y) be the first derivative of -y**3 - 2*y**2 - 3*y - 32. Determine n(-2).
-7
Let x(d) = 2*d + 7. Let g be x(-5). Suppose 30 = 5*v - 0*v. Let k be ((-10)/(-4))/(g/v). Let j(w) = w**3 + 4*w**2 - 7*w - 4. Give j(k).
6
Let o(s) = -2 + 75*s + s**2 + 0*s**2 - 76*s. Let l = -2 - 1. Give o(l).
10
Let q(d) = -4*d - 1. Let m be q(-1). Suppose m = s - 2. Let n(p) = 7 - 4*p**2 + 2*p**3 - p - 4*p - p**3. Give n(s).
7
Suppose 0 = -x - 3*x + 16. Let z(v) = -3*v + 4 - 1 + x*v + 4. Give z(-5).
2
Let u(t) = t**2 - 6*t + 3. Let x be u(2). Let k(a) = -73*a + 24*a + 22*a + 24*a - 5. What is k(x)?
10
Let f(z) = 0*z + 2*z**2 - 3*z + z**3 - 2*z - 9 + 5. Calculate f(-3).
2
Let o(c) = 4*c**2 - 8*c + 2. Let l(p) = -p**2 + p + 1. Let x(y) = -3*l(y) - o(y). Let d be (-34)/(-6) - (-6)/(-9). Give x(d).
-5
Let s(h) = 4*h**2 - 9*h + 1. Let p(r) = 10*r**2 - 19*r + 2. Let z(q) = 3*p(q) - 7*s(q). What is z(-5)?
19
Let k(o) = -o**3 - 4*o**2 + 2*o + 1. Let x = -3 - -7. Let z be (-2 - -8)/(3/x). Suppose 4*t - 6*t - z = 0. Determine k(t).
-7
Suppose -2*d - 8 = 2*u, 36 = 2*u - 5*d + 9. Let t be -4 - -6*1 - 1. Let z = u + t. Let b(n) = -n**2 + 5*n - 2. Give b(z).
4
Let i(m) be the third derivative of m**4/24 + m**3/3 + 25*m**2. What is i(1)?
3
Let r(v) = 3*v**2 + 15*v - 8. Let m(f) = -f**2 - 5*f + 3. Let h(s) = -17*m(s) - 6*r(s). Calculate h(-4).
1
Let p(f) = -f**3 + 4*f**2 - f - 3. Let h be p(3). Let q(r) = -r**2 + 5*r - 1. Let g(x) = -x**2 + 6*x - 1. Let n(o) = -2*g(o) + 3*q(o). Determine n(h).
-1
Suppose 4*c = 2*t + t + 16, -t = 0. Let w(h) = -h**3 + 6*h**2 - 3*h - 4. Give w(c).
16
Suppose -2*a + 1 = -5. Let t(b) = -b**2 - 4*b + b + a*b + 2 + 3*b. Calculate t(4).
-2
Let q(x) = 1 - x + 4*x - 4*x + 0*x. Determine q(0).
1
Suppose -4 + 8 = r. Let x(m) = 6*m**3 + 5*m**2 - 5*m + 4. Let l(c) = 5*c**3 + 4*c**2 - 4*c + 4. Let u(k) = r*x(k) - 5*l(k). Determine u(0).
-4
Suppose -4*o - 9 = 11. Let r(k) = -21*k + 3*k**2 + 26*k - 2*k**2 + 1. Give r(o).
1
Let h(s) be the first derivative of -s**6/180 + s**5/20 + 7*s**4/24 - s**3 + 4. Let a(l) be the third derivative of h(l). What is a(5)?
-13
Let w(u) = 11*u**3 - 14*u**2 + 8*u + 13. Let b(x) = 5*x**3 - 7*x**2 + 4*x + 6. Let v(t) = -9*b(t) + 4*w(t). Determine v(6).
10
Let z(p) = 4*p - 2. Let a = -14 - -5. Let c = a - -12. What is z(c)?
10
Suppose 5*s = -j - 20, j = -2*s - j - 16. Let k be (-16)/(-12)*s/2. Let u(i) be the third derivative of i**5/60 + i**4/24 + i**3/3 + i**2. Give u(k).
4
Let j(p) = -3*p**3 - 3*p**2 + 3*p + 41. Let t(h) = -2*h**3 - 2*h**2 + 2*h + 27. Let q(n) = -5*j(n) + 8*t(n). Give q(0).
11
Let o(t) = -2*t. Let l(h) = -2*h - 1. Let z(a) = 5*l(a) - 6*o(a). Calculate z(5).
5
Suppose 3*i - u - 1 = 1, -3*i - 14 = -5*u. Suppose -3*p = -4*p + i. Let w(g) = 5*g**2 - 2*g**p - 2*g**2 + 2 + 4*g. Give w(-3).
-1
Let o(j) be the third derivative of j**7/2520 + j**5/120 - j**4/8 + j**2. Let a(p) be the second derivative of o(p). Give a(0).
1
Let n(x) be the third derivative of -x**7/5040 + x**6/180 - x**5/30 - 3*x**2. Let f(i) be the third derivative of n(i). What is f(7)?
-3
Suppose 3*y - 24 = -5*y. Let p(r) be the second derivative of 1/12*r**4 + r**2 + 2*r + 0 - r**y. Determine p(4).
-6
Let a(k) be the first derivative of k**5/20 - 5*k**4/12 + 2*k**3/3 + k**2/2 - k + 2. Let x(s) be the first derivative of a(s). Determine x(4).
1
Let d be 0 - (4/(-12))/(2/(-6)). Let a(m) = 11*m**3 - 2*m**2 - 2*m - 1. Give a(d).
-12
Let w(k) = -k - 6. Let p be w(-8). Let d(g) = -2 + g**p + 1 + 3*g**3 - 9*g**3 + g. Give d(1).
-5
Let i(t) = -2*t**2 + t**3 - 3*t - t - 1 + 3*t + 0*t**2. Let r be i(2). Let l(d) = -d - 4. What is l(r)?
-1
Let g(m) = 2*m + 4. Let f(y) = -2*y - 4. Let j(u) = -3*f(u) - 4*g(u). What is j(3)?
-10
Let m be (-2)/(-2) - (2 + 0). Let k be 4 + 0/m + 2. Let h(s) = s - 2. Give h(k).
4
Suppose -2 = -4*a + 14. Let x = 2 + a. Let p(u) = 2*u + 1 - 3*u + 5. Give p(x).
0
Let j be (1 - 0) + (0 - 1). Let o = 52 - 47. Suppose 0 = 5*l - 3*m + 26 - 1, -o*l - 4*m - 25 = j